the remainder when 698966 is divided by 349437?
92
What is the remainder when 169914 is divided by 11237?
1359
Calculate the remainder when 2792390 is divided by 111695.
15
What is the remainder when 8643 is divided by 4077?
489
What is the remainder when 6118171 is divided by 250?
171
Calculate the remainder when 21126516 is divided by 161271.
15
Calculate the remainder when 7775678 is divided by 220.
218
Calculate the remainder when 5295137 is divided by 67885.
107
Calculate the remainder when 81570 is divided by 493.
225
Calculate the remainder when 373200 is divided by 677.
173
What is the remainder when 3300492 is divided by 254?
16
What is the remainder when 681646 is divided by 81?
31
Calculate the remainder when 6497 is divided by 6246.
251
Calculate the remainder when 41053543 is divided by 2736902.
13
Calculate the remainder when 35495669 is divided by 150.
119
What is the remainder when 26613200 is divided by 70?
40
Calculate the remainder when 855881 is divided by 112.
89
Calculate the remainder when 1047888 is divided by 1000.
888
Calculate the remainder when 57908003 is divided by 66.
65
Calculate the remainder when 1405448 is divided by 1321.
1225
What is the remainder when 694624 is divided by 1928?
544
Calculate the remainder when 104098 is divided by 10384.
258
Calculate the remainder when 25389406 is divided by 96.
94
What is the remainder when 9618540 is divided by 159?
153
Calculate the remainder when 277759 is divided by 212.
39
Calculate the remainder when 296686 is divided by 10977.
307
Calculate the remainder when 12673 is divided by 2504.
153
What is the remainder when 1975767 is divided by 250?
17
Calculate the remainder when 2411527 is divided by 3536.
3511
Calculate the remainder when 6027612 is divided by 1940.
32
Calculate the remainder when 14113140 is divided by 1875.
15
What is the remainder when 1821877 is divided by 38?
5
Calculate the remainder when 44977 is divided by 1285.
2
Calculate the remainder when 2823986 is divided by 520.
386
What is the remainder when 8008546 is divided by 348?
22
Calculate the remainder when 7294806 is divided by 2431539.
189
What is the remainder when 16882871 is divided by 348?
347
Calculate the remainder when 175025 is divided by 29162.
53
Calculate the remainder when 44132 is divided by 10343.
2760
Calculate the remainder when 196574 is divided by 489.
485
Calculate the remainder when 25721 is divided by 12655.
411
Calculate the remainder when 1122440 is divided by 2883.
953
Calculate the remainder when 624057 is divided by 675.
357
Calculate the remainder when 2110171 is divided by 872.
803
What is the remainder when 236764 is divided by 169?
164
Calculate the remainder when 1865016 is divided by 1194.
1182
Calculate the remainder when 692362 is divided by 325.
112
Calculate the remainder when 199709 is divided by 1884.
5
What is the remainder when 6731435 is divided by 2243789?
68
Calculate the remainder when 87276949 is divided by 10909618.
5
Calculate the remainder when 730275 is divided by 121692.
123
Calculate the remainder when 17231311 is divided by 53.
4
What is the remainder when 14114943 is divided by 11?
7
What is the remainder when 417676 is divided by 69600?
76
Calculate the remainder when 3454279 is divided by 17714.
49
Calculate the remainder when 2514127 is divided by 93.
58
What is the remainder when 2194683 is divided by 387?
6
Calculate the remainder when 1636979 is divided by 653.
561
Calculate the remainder when 764181 is divided by 152812.
121
Calculate the remainder when 554893 is divided by 353.
330
Calculate the remainder when 108257996 is divided by 84.
56
What is the remainder when 448148 is divided by 1519?
43
Calculate the remainder when 334106 is divided by 54922.
4574
What is the remainder when 1245461 is divided by 30364?
537
Calculate the remainder when 103704290 is divided by 22.
8
Calculate the remainder when 48018372 is divided by 50.
22
What is the remainder when 44353518 is divided by 6785?
6758
Calculate the remainder when 3228118 is divided by 1281.
1279
Calculate the remainder when 2564096 is divided by 366297.
17
Calculate the remainder when 4738765 is divided by 8.
5
Calculate the remainder when 158759999 is divided by 2646.
2645
Calculate the remainder when 866390207 is divided by 12.
11
Calculate the remainder when 595416 is divided by 341.
30
What is the remainder when 76107012 is divided by 3065?
3062
Calculate the remainder when 3766132 is divided by 2135.
2127
What is the remainder when 33334 is divided by 59?
58
Calculate the remainder when 54674 is divided by 8378.
4406
What is the remainder when 62980 is divided by 122?
28
Calculate the remainder when 218050285 is divided by 105.
40
Calculate the remainder when 1179032 is divided by 3562.
10
What is the remainder when 32288257 is divided by 126?
1
Calculate the remainder when 1494422 is divided by 3019.
17
What is the remainder when 226285417 is divided by 321?
319
Calculate the remainder when 2981358 is divided by 3592.
3590
What is the remainder when 5012315 is divided by 111?
110
Calculate the remainder when 5070237 is divided by 240.
237
Calculate the remainder when 326937672 is divided by 14.
12
Calculate the remainder when 3371242 is divided by 1495.
17
Calculate the remainder when 3311129 is divided by 254701.
16
What is the remainder when 143072 is divided by 1167?
698
Calculate the remainder when 290127740 is divided by 16.
12
What is the remainder when 1949633 is divided by 5944?
1
What is the remainder when 876921 is divided by 403?
396
What is the remainder when 312367 is divided by 7085?
627
Calculate the remainder when 4102245 is divided by 44109.
108
What is the remainder when 4455601 is divided by 68?
37
What is the remainder when 8821894 is divided by 277?
275
Calculate the remainder when 64801888 is divided by 90.
88
What is the remainder when 42257683 is divided by 1298?
1293
Calculate the remainder when 2252898 is divided by 11093.
1019
What is the remainder when 9717519 is divided by 10?
9
What is the remainder when 480211 is divided by 14?
11
What is the remainder when 859732 is divided by 223?
67
Calculate the remainder when 181906 is divided by 77.
32
Calculate the remainder when 59178365 is divided by 39.
38
Calculate the remainder when 108268 is divided by 5155.
13
What is the remainder when 27906 is divided by 4075?
3456
Calculate the remainder when 113329 is divided by 56588.
153
Calculate the remainder when 8424697 is divided by 353.
352
Calculate the remainder when 924698 is divided by 2318.
2134
What is the remainder when 223379431 is divided by 487728?
7
What is the remainder when 10337193 is divided by 234936?
9
Calculate the remainder when 1964676 is divided by 98228.
116
Calculate the remainder when 12516526 is divided by 18.
10
Calculate the remainder when 119698020 is divided by 58.
56
What is the remainder when 1433813 is divided by 305?
8
Calculate the remainder when 1080329096 is divided by 933.
932
What is the remainder when 314003 is divided by 104620?
143
What is the remainder when 4723042 is divided by 549?
544
Calculate the remainder when 68205 is divided by 2102.
941
What is the remainder when 157054 is divided by 39261?
10
Calculate the remainder when 3568 is divided by 1314.
940
Calculate the remainder when 1246947 is divided by 83128.
27
Calculate the remainder when 1057294 is divided by 16.
14
What is the remainder when 420464503 is divided by 15?
13
What is the remainder when 533686417 is divided by 5027?
5016
Calculate the remainder when 440637 is divided by 89.
87
Calculate the remainder when 143316 is divided by 9090.
6966
Calculate the remainder when 724652 is divided by 181097.
264
What is the remainder when 80816605 is divided by 86?
83
What is the remainder when 2999189 is divided by 800?
789
What is the remainder when 237588151 is divided by 876709?
12
What is the remainder when 666412 is divided by 50?
12
Calculate the remainder when 1523525 is divided by 189.
185
Calculate the remainder when 1020891 is divided by 109.
106
What is the remainder when 70584638 is divided by 40?
38
Calculate the remainder when 128469323 is divided by 223037.
11
What is the remainder when 5298237 is divided by 10248?
21
What is t